 (6 - 17).
-1
What is the value of 5 - 2 - (-10 + -7 + (11 - 10))?
19
What is the value of 1058 + -1070 + (11 - (1 + -1))?
-1
What is the value of 10 + 1 + -1 + 1 - (24 - 34)?
21
Evaluate -2 - (-1 + 3) - (-5 - (15 + -4)).
12
Calculate 6 + (-36 - -7) - (0 - 0).
-23
What is the value of 7 - 2 - (10 + -7 + 10 + -3)?
-5
Evaluate 4 + (16 - 3) + (-1 - 5).
11
Calculate -620 - -618 - (-1 + 0 + 1).
-2
What is the value of 2 + (19 - (19 + 22))?
-20
27 + (1 - 16 - (408 + -404))
8
(15 - 10 - -2) + (0 - (2 + -5))
10
-6 + 0 - (-21 + (-7 - -6))
16
(4 - 12) + (11 - -6)
9
1 - 2 - (0 - 0) - (45 + -51)
5
Calculate -5 + (-59 - -71) + 1 + -2.
6
What is 47 + (-22 - 10) - -2?
17
What is 1966 + -1963 - (2 - (4 - 2))?
3
-2 + (3 - 5 - (4 - 10))
2
Calculate (-2 - 0) + (-15 - (-58 + 66)).
-25
What is 21 - (18 - (-28 + 20))?
-5
Evaluate (-15 + 4 - -2) + 12.
3
What is 10 + (-2 - -7 - 6) + -6 + -4?
-1
What is -31 + 37 - ((-1 - 1) + 19 + -4)?
-7
What is -14 + 2 + 29 + -12?
5
-3 - ((-1 + -11 - -4) + 7)
-2
Calculate 14 + 0 + 1 + (21 - (80 - 67)).
23
-2 + 1 + (31 - (17 + -38 - -41))
10
What is the value of (2 + 0 - 13) + -497 + 510?
2
(-1 - 1) + (12 - -1) + (496 - 499)
8
What is -20 + -14 + 5 + (-7 - -20)?
-16
-20 + 8 + 6 + 13 - -10
17
-16 - (-8 + (-31 - (15 - 11)))
27
What is the value of 5 - (22 + -21 - (0 - -2))?
6
-3 + 0 + 0 + (3 - (0 - -6))
-6
What is 1 - 3 - (-3 - (10 - (7 + 7)))?
-3
What is the value of 2 + 35 - (9 + 10)?
18
Calculate -2 + -5 + (-4 + 3 + 18 - 3).
7
What is the value of (-46 - -34) + 8 - (0 - 41)?
37
17 + -15 + -11 - (-7 - 0)
-2
11 - (13 + -10 - -10) - (-1 + -7)
6
What is 70 - 80 - (-1 + -9)?
0
((-9 - -13) + 16 - 27) + 1 + 15
9
Evaluate -1 + -34 - ((-21 - (-1 + -9)) + 6).
-30
Calculate 14 + 22 + -41 - -20.
15
-17 - -2 - (395 + -379)
-31
What is the value of -295 - -298 - ((1 - 1) + 7)?
-4
Calculate (8 - -2) + -1 + -91 + (-24 - -84).
-22
Evaluate 1 - (-6 + -1 + (11 - (-30 - -10))).
-23
What is -37 + 31 - (-1 + -17 - -3)?
9
-8 + (-3 - ((-7 + 3 - -12) + 4))
-23
What is -219 - -235 - (-1 + (1 - -6) + 0)?
10
What is the value of (220 - 215) + (-1 - ((-4 - -3) + 3))?
2
1 + -7 + -3 + (105 - 102)
-6
Calculate 8 - (10 + -4 + 7 - 6 - 0).
1
Evaluate (2 + 3 - 3) + (9 - (-2 + 2)).
11
Evaluate -72 + 63 - (6 - (1 - -1)).
-13
What is the value of -91 + 104 - (2 - -16)?
-5
Evaluate -12 + 14 + -8 + 7.
1
2 - (9 + -7) - 13 - (-1 - 0)
-12
Calculate -8 + -2 - (-66 - -46).
10
Evaluate -6 + 9 - (16 + (-10 - 19)).
16
What is 32 + 9 + -36 - -14?
19
-8 + (9 - (19 + -5 + 13) - -1)
-25
What is (52 + -12 - 60) + (24 - 2)?
2
-2 + 1 + (1 - 2) - (23 + -21)
-4
-148 - -154 - (2 - -6)
-2
Calculate -22 + (11 - 3) - (-16 + 20).
-18
Calculate 73 + (15 - 33) - 24.
31
-13 - -19 - (12 + -2 + 3)
-7
Calculate (17 - (22 - -6)) + -20 + -3 + -3.
-37
What is 7 + 19 + -21 + 8?
13
What is the value of (-30 - -22) + 4 + 2?
-2
Calculate 21 + 0 + -115 + 85.
-9
What is 0 - -12 - (6 + (3 - (4 + 5)))?
12
7 + (-18 - (0 + (-6 - -7)))
-12
What is 10 + (4 + -11 - 1) + 1 - -14?
17
14 + -61 + (15 - 8) + 13
-27
701 - 707 - (0 + (-1 - 0))
-5
-23 + 34 - (2 + -4 - -1)
12
What is the value of 26 - (13 - (12 - (6 + -10 - -10)))?
19
What is the value of -47 + (9 - -52) + 20?
34
Evaluate 16 - (-50 + 22 - -32).
12
What is -7 + 0 + -6 + 32 + -24?
-5
Calculate -6 + (-3 - -6 - 1) - (-9 + 15).
-10
What is 18 - 0 - (-12 - (7 + -25))?
12
What is -25 + (6 - 34) + 18?
-35
Calculate -25 - (28 + -1 + -15 - 14).
-23
Evaluate -13 + 31 + (-26 - -13).
5
What is the value of -31 - (-13 - (21 - 19))?
-16
What is 8 + -7 + 6 + -5 - -3?
5
What is -2 - 11 - (-13 + 13)?
-13
What is -2 + -5 - (-7 + -19 + 2 + 8)?
9
Evaluate 20 - 10 - (-3 + (0 - -6)).
7
What is -2 + (-1 - -17) - (75 - (-23 + 91))?
7
-11 + 8 + 8 + -3 + 9
11
Evaluate (106 - 61) + -25 + 2.
22
What is the value of 3 - (-16 - (8 + 0 + -19))?
8
(-12 + 6 - -19) + -13
0
What is the value of 0 - (-6 + 7) - (13 - 9)?
-5
Evaluate 2 - (-11 - (-17 - -14)).
10
(-8 - -9) + (-1 - (2 + -7))
5
What is the value of (-46 + 23 - -34) + -2 + -16?
-7
What is 0 + -6 + (2 + -6 - -9 - 6)?
-7
Calculate -204 - -217 - (5 + 0).
8
Calculate -10 + 14 + -20 + 12.
-4
(211 - 200) + (1 - -21)
33
What is -1 + 1 + -19 + -5 + (-39 - -49)?
-14
Calculate -13 - ((-11 - 1) + (28 - 15) - -7).
-21
Calculate -2 - 17 - (-8 + 13 - (5 - -6)).
-13
What is the value of -189 + 171 + (8 + 4 - 4) + -3?
-13
4 - (21 + -12 - -12)
-17
(15 + -4 - -27) + -20
18
What is 0 + (10 - 11) + (4 - 2 - 5)?
-4
Calculate (-1 + -7 - (124 + -115)) + 6.
-11
What is the value of -8 - (-40 + 13) - 2?
17
What is -6 + 8 + -18 + 11?
-5
-11 + (19 - 43) + 19
-16
-1 + (18 - 6 - 7)
4
What is -100 + 88 + (0 - (-2 - -1) - -1)?
-10
What is -3 + (-35 + 18 - -36)?
16
What is -6 - (9 + -30 - -2)?
13
Calculate -11 + 25 + -16 + 14.
12
What is -1 + -6 + 4 + 22 + -11?
8
Evaluate (18 - 75) + 7 - -29.
-21
Evaluate (-2 + 7 + -3 - (2 - 3)) + -16.
-13
Evaluate (-1 - -18) + -70 + 60 + 0 + 4.
11
Evaluate 0 + -11 + (310 - 296).
3
Calculate -18 + (12 - 1) + 7.
0
Calculate (-361 - -363) + 2 + (2 - 5).
1
What is 3 - (-13 - -5) - 36?
-25
125 + -238 + 123 + (1 + 0 - -26)
37
Evaluate -9 - (-56 + -2 + 36).
13
Calculate (-1 - -9) + (13 + 3 - 26).
-2
What is the value of -2 + (8 - 4) - -7 - (9 - 4)?
4
Evaluate -22 - -12 - (-34 + 13).
11
Calculate (-48 + 45 - (-5 + 0)) + -10.
-8
What is -12 - ((1 - -10) + 75 + -85)?
-13
What is the value of (0 - -4) + -5 + -6 - 18?
-25
Calculate 5 + -7 - (5 + -1) - (20 - 5).
-21
What is the value of (2 - 5) + 17 + -16 - -1?
-1
What is the value of -2 + 21 + 46 + -53?
12
What is the value of -6 - (-8 + ((1 - 1) + 3 - 12))?
11
Calculate -2 - (-1 + -11 + 5 + -1 + -8).
14
-1 + 12 + (216 - 224)
3
Evaluate (-3 - -12) + -19 - -21.
11
Evaluate -22 - ((-11 - -9) + -2).
-18
What is (3 - (1 - 2) - 1) + (8 - 15)?
-4
Evaluate 13 - 5 - (28 + -28).
8
What is -30 + 33 + (-17 - (-3 - -4))?
-15
Calculate 17 - (6 - (-1 + 1 + 3) - 9).
23
Calculate (47 - 48) + -1 + 5 + 14.
17
Calculate 16 - 18 - (-7 + (-3 - -3)).
5
17 + -3 - ((-24 - -22) + 2)
14
Calculate -3 - (-2 + 2) - -9 - (-1 - -7).
0
What is (1 - -21) + (-1315 - -1321)?
28
What is (1 - 9) + (-26 - -16 - -20)?
2
What is -14 - (-35 - -25 - -8)?
-12
What is -29 + 13 + 0 - -16?
0
Calculate -1 - -3 - (5 + -3) - (103 + -113).
10
Evaluate -11 - -3 - -14 - 1.
5
Calculate 1 - 2 - 6 - (-17 + (17 - 6)).
-1
Evaluate -74 + 84 + -5 + 0.
5
Calculate 33 + 45 + -6 + -64.
8
What is (20 - 35) + 3 + 9 + -4 + -31?
-38
Calculate (-12 - -15 - -10) + -28 - -22.
7
What is the value of 8 + (2 - (9 - (0 + 18)) - 9)?
10
-62 + 49 - (-22 - 2)
11
Evaluate 2 - 13 - (8 - (6 + 11 + -5)).
-7
What is the value of 43 - 1 - (-1658 - -1697)?
3
Calculate -13 + 21 + -11 - (9 + 1) - -7.
-6
What is 8 - (-9 + -7 - -6 - -8)?
10
Evaluate (-1 + -2 - 3) + (8 - (3 + -2)).
1
What is the value of (60 - 40) + (6 + 2 - 18)?
10
What is (-6 + (-12 - -23) - 7) + 15?
13
What is 28 + (9 + -19 - -4)?
22
What is the value of 44 - -29 - 76 - (0 + -2)?
-1
What is 16 + -4 + (2 + 4 - 11) + 5?
12
Evaluate 21 - (-58 - -50 - ((-1 - 15) + 1)).
14
What is 0 + (-5 - (-2 + -6)) + -9 + -2?
-8
324 + -341 + (19 - 2)
0
What is -16 - (-11 - (4 + (12 - 18)))?
-7
What is -5 + 0 + (-19 - -14)?
-10
Calculate 11 + -10 - ((0 - (-2 + 0)) + -2).
1
What is -3 + -1 + (13 - -3)?
12
Evaluate 28 + -7 + -17 + 7.
11
What is the value of ((1 - 2) + -5 - (-14 + 19)) + 9?
-2
Evaluate -15 - (-23 + 5 + 12).
-9
Evaluate 3 + (-6 - (-13 + 6)) + -35.
-31
What is the value of 173 + -155 - (2 - -29)?
-13
Calculate 0 + (-5 - -37) - 14.
18
What is the value of -16 + (9 - (-10 - -11)) + 37?
29
Calculate -23 + (-12 - (14 + -64)).
15
53 + -38 + -28 - (-5 + -1)
-7
15 + 1 + (-9 - (-10 - -9))
8
Calculate 8 - (16 + (-13 - -8)).
-3
What is (3 - 1) + -10 + 5 + -7?
-10
What is the value of (-10 - (-5 + 2)) + 15 + -13 + 6?
1
Evaluate 16 - (2 - (-16 + 8)).
6
0 + 28 + (-13 + 37 + -15 - 9)
28
What is 36 + -45 + -2 + 21?
10
3 + (0 - -6) - (42 - 48)
15
1 + (6 - 5) + (5 - (3 - -13))
-9
Calculate -1 + 6 - -2 - (49 - 38).
-4
Calculate 12 - (33 + -7) - (8 - -4 - 8).
-18
What is the value of -11 + 0 + 1 + -1 + (-83 - -89)?
-5
What is the value of 9 + (3 + -5 - (49 + -55))?
13
Evaluate (-126 - -131) + -1 + -12 + 11 + 26.
29
What is 0 + -2 + -163 + 155 + 25?
15
What is the value of (-16 - (11 - 8 - 12)) + 11?
4
What is 326 + -323 + (0 - 9)?
-